 2 - 1 - (-4 + -21). Suppose -2*j = -m - 30. What is the units digit of j?
8
Suppose -4 = -2*h - 10. What is the units digit of (-2)/(-3) - 10/h?
4
Let p be ((-10)/(-15))/(2/(-18)). Let q(n) = n**3 + 6*n**2 + 1 - 2 - n + 0. What is the units digit of q(p)?
5
Suppose 0 = 5*b, 4*w - 2*b = -2 + 10. Let f(t) = -w - 1 - 6 - 10*t + 0 - t**2. What is the units digit of f(-8)?
7
Suppose -4*r - 12 = -5*q, -r - 6 = -2*q - 0. Let t be 9*(0/r + 2). Let n = t - 10. What is the units digit of n?
8
Let d(g) = g**3 - 7*g**2 + g - 6. Let a be d(6). Let u = a + 67. Suppose 5*k = u - 1. What is the units digit of k?
6
Suppose 3*r = -0*r + 12. What is the units digit of r?
4
What is the units digit of (-1)/(18/6 + (-368)/122)?
1
Suppose i = 3*i - 120. Suppose -u - 5 + 1 = 3*s, 3*s + 4*u = -16. Suppose -5*g + s*g = -i. What is the tens digit of g?
1
Let s be (-3 - -2)*0 - -2. Suppose 4*r - s*r = -12. Let y = 12 + r. What is the units digit of y?
6
Let u = 37 + -55. Let w = u + 19. What is the units digit of w?
1
Let n = 21 + -30. Let t(k) = -4 - 2 + 5 - 1 - 2*k. What is the units digit of t(n)?
6
Suppose -2396 = -10*c + 484. What is the tens digit of c?
8
Let r be 2/4*(0 + 0). Let q(b) = -b**2 + b - 4. Let g be q(r). What is the units digit of ((-2)/(-6))/(g/(-84))?
7
Let o(b) be the third derivative of -b**4/12 + b**3/6 - b**2. What is the units digit of o(-7)?
5
Suppose 0 = 2*r + 2*t + 6, 2*r = -3*t - 7 - 3. What is the units digit of (r + 3)*(2 - 1)?
4
Suppose 0 = 4*m + 2 - 10. What is the units digit of ((-12)/(-10))/(m/5)?
3
Suppose -4*b + 39 = -201. What is the units digit of b?
0
Let t be (-10)/(-3)*(-18)/(-15). Suppose -2*v + 6 = -t. Suppose -v*i + i + 36 = 0. What is the units digit of i?
9
Let l = -10 + 14. Suppose -l*n + 3*d = -122, n = 2*n - d - 30. What is the tens digit of n?
3
Let h(n) = n**2 + 4*n + 3. Let b be h(-3). Suppose b = 3*p - 102 + 24. What is the units digit of p?
6
Let w be 396/(-14) + (-4)/(-14). Let y = w - -52. Suppose -y = -2*d + 14. What is the units digit of d?
9
Let s(v) = 74*v**3 + 2*v**2 - 4*v + 2. What is the units digit of s(1)?
4
Suppose 47 = 5*z - 8. Suppose -4*k - 16 = -2*g - 0*k, 0 = -g + k + z. What is the tens digit of g?
1
Let y be 1*(2 + -2 + -4). Let f be 6 + y - (-3)/1. Suppose g = -3*b + 2 + 1, -f*g = 3*b - 15. What is the units digit of g?
3
Suppose -3*j - 25 = -4*j. Suppose -4*d = -j - 7. What is the units digit of d?
8
Let f = -4 + 7. Suppose 59 = -d + f*d - 3*q, 5*q = -3*d + 98. Suppose -3*b + 11 = 4*x, 2*b = 5*b - x - d. What is the units digit of b?
9
What is the units digit of 258/4 - 2*1/(-4)?
5
Let p = 7 - 29. What is the units digit of 200/11 + 4/p?
8
Let v be (-2)/(1/4 + 0). Let b(o) = -o**3 - 8*o**2 + 5. What is the units digit of b(v)?
5
Let q(u) = u**3 - u**2 - 3*u - 1. Let a be q(-2). Let s(t) = -3*t - 9. What is the units digit of s(a)?
2
Suppose 156 + 141 = 3*z + 4*v, 3*v = 3*z - 297. What is the units digit of z?
9
Let u(g) = g**2 + 4*g. Let t be -1*4 + -2 + 2. Let c be u(t). Let l = c - -6. What is the units digit of l?
6
Let l(u) = -12*u + 33. What is the tens digit of l(-12)?
7
Let a be 4/(-3)*(-6)/2. Suppose -4*u - 4*z + 93 = -3*z, z - 1 = 0. Suppose 3*v + a*b - u = 0, 0 = -2*v + 3*v + 2*b - 11. What is the units digit of v?
1
Suppose 0 = h - 133 + 37. What is the units digit of h?
6
What is the hundreds digit of 1 - -1 - (-176 + 15)?
1
Let z be -1 + 6*(-26)/(-3). Let i = z + -34. Suppose 0 = -4*y - 4*g + 16, 4*y - 4*g - 23 - i = 0. What is the units digit of y?
7
Let t(f) be the second derivative of f**4/6 - f**3/6 + f**2/2 + 2*f. What is the units digit of t(1)?
2
Suppose -d + 9 = 2*d. Suppose 7*h - 4*h = -5*y + 36, -3*h + 60 = -d*y. What is the tens digit of h?
1
Suppose 3*l - 63 = 54. What is the tens digit of l?
3
Suppose 7*k + 57 = 540. What is the tens digit of k?
6
Let a(v) be the first derivative of v**2/2 - 4*v - 1. Let i be a(5). Suppose -4*q + i = -31. What is the units digit of q?
8
Suppose 2*w - 4 = 0, 3*i + 3*w = -i + 130. What is the units digit of i?
1
Let u = 439 + -261. What is the tens digit of u?
7
Suppose -2*n = 2*c - 18, n + 18 - 3 = 5*c. Let y(m) = 6*m**2 - 4*m**3 + 5*m**3 - 3*m - 3*m**3 - 5 + m**3. What is the units digit of y(n)?
5
Let p = 8 + -13. Suppose 12 = 2*h - 16. Let b = p + h. What is the units digit of b?
9
Suppose 3 = -m + 5*m + o, 5*o + 33 = 4*m. What is the units digit of 2 - -1 - (-2 + m)?
3
What is the units digit of (6 - 4)*28/8?
7
What is the tens digit of ((-224)/20)/((-4)/10)?
2
Let l = 9 + -4. What is the units digit of l?
5
Let m = 22 + -97. Let t be -2*8*(-6)/(-8). What is the units digit of (-2)/8 + m/t?
6
Suppose t = 3*x + 1 - 10, -5*x + 15 = 2*t. Let b = 12 - t. Suppose 2*c - c - 5 = -3*l, 5*c - b = -2*l. What is the units digit of c?
2
Suppose -4*u = 5*n - 127 - 0, -4*n + u + 89 = 0. Suppose -2*o = 5*f - 39, -3*o - n = -4*f + 22. What is the units digit of f?
9
Suppose -a = -5*a - 20. Let u be 78/8 + a/(-20). Let n = u - 4. What is the units digit of n?
6
Let s be (8/(-6))/(4/(-12)). Suppose -6*v = -2*v - s*b - 56, -v - 5*b + 20 = 0. What is the units digit of v?
5
Suppose 36 + 48 = 2*v. What is the units digit of v?
2
Let b = 72 + -50. Let l = b - 15. What is the units digit of l?
7
Let x be 2*5/(10/(-4)). Let b be (0 - x)/(4 + -2). Suppose 5*d = 0, 10 = 5*r - 3*r + b*d. What is the units digit of r?
5
Let i(j) = j**3 - 16*j**2 - 18*j - 7. What is the tens digit of i(18)?
1
Let l(u) = -5 - 5 + 13*u - 2*u**3 - u**3 + 2*u**3 + 11*u**2. Suppose 2*r - 7*r = -60. What is the units digit of l(r)?
2
Suppose 2*c + 20 = -4*o, o - 2*c = -3 - 12. Let r = 10 + o. Suppose 4*m - r = 17. What is the units digit of m?
5
Suppose 0*t - 3*t + 18 = 0. Suppose -3*d = 9, 4*l = -2*d + t*d + 16. What is the units digit of ((-5)/l)/((-5)/10)?
0
Suppose 4*l - 3 - 97 = -d, -4*l = -2*d + 176. What is the units digit of d?
2
Suppose 5*j - 4*m - 194 = 0, -3*j + m + 112 = 3*m. What is the tens digit of j?
3
Suppose -5*s = 8*p - 4*p - 503, 0 = -p + 3*s + 113. What is the tens digit of p?
2
Let m be 1*4/((-4)/3). Let w(y) = -5*y. Let s be w(m). Suppose -7*z = -2*z - s. What is the units digit of z?
3
What is the tens digit of (-4)/(3860/645 - 6)?
5
Let g(t) = t**2 - t - 13. What is the units digit of g(8)?
3
Let f = -37 - -19. What is the units digit of ((-2)/4)/(3/f)?
3
Let b = 65 - 45. Suppose 2*r + 0*r - b = 0. What is the tens digit of r?
1
Let f(p) = 0 + 2 - 6*p**3 - 2*p - 2 - p**2 - 1. Suppose 0*w + 2*w - 10 = -3*o, 5*w = -o - 1. What is the units digit of f(w)?
6
What is the hundreds digit of 137*1*(-3)/(3 - 6)?
1
Suppose 0 = -4*a - 16 + 96. Suppose -5*w - 5*z = -a, -9 = -2*w + z - 4*z. What is the units digit of w?
3
Let a(j) = -3*j**3 - 1. Let y be a(-1). Suppose -2*p + 12 = y. Suppose 2*f - 3*v + 4*v = 11, -11 = f - p*v. What is the units digit of f?
4
What is the tens digit of (-390)/3*2/(-4)?
6
Let q(p) = p**3 + 20. Let v be q(0). Suppose -2*g + v = -0. What is the tens digit of g?
1
Suppose 168 = 5*n + 6*f - 2*f, 4*f = -3*n + 104. Suppose -4*z = -0*z - n. What is the units digit of z?
8
Let d(l) be the third derivative of -l**5/60 - l**4/12 + l**3/2 - l**2. Let x be d(3). What is the units digit of (2/2)/((-6)/x)?
2
Suppose -5*n - 7 = 3. What is the units digit of n/(-1) + (-12)/(-6)?
4
Suppose -3*z + 153 = -5*l, 2*z + 2*l - 80 = -2*l. Let b = z - 25. Suppose -y - b = -4*q, -26 + 6 = 4*y. What is the units digit of q?
4
Let d be (-2)/3 - 46/(-6). Suppose -5*s - d = 3*y, 0 = s + 4*s + y - 1. What is the units digit of s?
1
Suppose 1053 = 6*y - 819. What is the units digit of y?
2
Suppose 3*g - 12 - 6 = 4*i, -3*g + 2*i = -18. What is the units digit of g?
6
Let u = -17 + 51. What is the units digit of u?
4
Let l be (-12)/(-3 + 26/10). Let o = 44 - l. What is the units digit of o?
4
Let z be 3 + 1 + 0/(-1). Suppose -14 = -2*q + 22. Suppose q = z*d - 30. What is the tens digit of d?
1
Suppose -4*t = -4, -3 = -y - 2*t + 7*t. Suppose 0 = 4*d - 2*d - y. Suppose d*i = 16 - 0. What is the units digit of i?
4
Suppose -3*p = 2*p. Suppose -4*u + r = -3, 0 = 4*u - 5*r - p*r + 1. Let h = 1 + u. What is the units digit of h?
2
Let d = -192 + 320. What is the tens digit of d?
2
Let k(a) = -4*a - 1. What is the units digit of k(-7)?
7
What is the units digit of ((-258)/(-1